he units digit of b?
5
Suppose -4*u - 4 = 0, -4*d = -2*u + 5151 - 52929. What is the ten thousands digit of d?
1
Let m(w) = 40*w**3 + 3*w**2 - 115*w - 38. What is the thousands digit of m(8)?
9
Suppose -2*j = -0*j - 6, 5*j = 3*d + 4971. Let r = -980 - d. What is the tens digit of r?
7
Let p(z) = z**2 + z + 2. Let b be p(7). Suppose -4*w = -5*u + b, u - 2*u = 3*w - 4. Suppose -12*c + 186 = -u*c. What is the units digit of c?
3
Let l(n) = -n**2 + 19*n. Let q be l(10). Suppose -422*s = -418*s + 188. Let z = s + q. What is the tens digit of z?
4
Let i(x) = 22*x - 52 + 25*x + 17*x**2 - 92*x + 34*x + 22*x. What is the units digit of i(-9)?
6
Let m be (12/(-8))/(16/(-14976)). Let a = 1991 - m. What is the tens digit of a?
8
Let v(j) = -j**2 - j + 36. Let x(f) = -2*f + 20. Let c be x(10). Let r be v(c). What is the hundreds digit of 4/(-18) - -2*2362/r?
1
Let r be (-3511)/(-4) - 4/(-16). Suppose -d + r = 2*f + 4*d, 2*f + 3*d = 870. What is the hundreds digit of f?
4
Let z(g) = g**3 + 6*g**2 - 8*g + 11. Let n be z(-7). Suppose 2*j = 8*j + n. Let k = j + 43. What is the tens digit of k?
4
Let d(y) = -17*y - 11. Let c be d(-8). Suppose c*q - 129*q + 1968 = 0. What is the units digit of q?
2
Let x be ((-1)/(15/(-96)))/((-4)/20). Let o be (-4)/14 - x/14. Suppose -o*r + 374 = 94. What is the units digit of r?
0
Let j(k) = -2*k**3 + 8*k**2 - 6*k + 3. Let x(o) = -o**3 + 16*o**2 + 16*o + 21. Let q be x(17). Let g be j(q). What is the tens digit of 914/14 - (-6)/g?
6
Let c(v) = 11*v**2 + 5*v + 11. Let n(w) = 2*w**2 + w. Let h(p) = c(p) - 4*n(p). What is the hundreds digit of h(6)?
1
Let z(t) = 51*t - 129. Let j be z(-4). Let w = -270 - j. What is the tens digit of w?
6
Suppose -57*c = -55*c + 8. Let y(w) = -2*w**3 - 2*w**2 - 8*w - 10. What is the hundreds digit of y(c)?
1
Let s = -8378 - -33268. What is the hundreds digit of s?
8
Let z = 130771 + -73278. What is the ten thousands digit of z?
5
Suppose 0 = -7*a - 1554 - 1330. Let u = a + 725. What is the hundreds digit of u?
3
Let d be 1/(-6)*-7726 - (-6)/(-9). Let s = d + -754. What is the tens digit of s?
3
What is the hundreds digit of 30773*(-6)/(-42) - 36/252?
3
Suppose -44*f + 43*f = 0. Suppose -5*j = -5*h - 0 - 20, 4*j - 5*h - 17 = f. Suppose -j*l = 10*l - 1183. What is the units digit of l?
1
Let w be -292*((-325)/26 - -12). Let l(u) = -3*u**2 + u - 5. Let r be l(4). Let h = r + w. What is the tens digit of h?
9
Let v = 129 + -83. Let l be -3 + (v/8 - (-4)/16). What is the units digit of 2/l - ((-3624)/18 - 5)?
7
Suppose 4*o - 12929 = -4*o + 60967. What is the units digit of o?
7
Suppose f + 3*b - 2989 = 3361, -25416 = -4*f - 4*b. What is the tens digit of f?
5
Suppose 2*h = -4*l - 71 - 417, -h = -3*l + 249. Let z = h - -275. What is the tens digit of z?
2
Suppose a + z - 4902 = 0, -3*z = -323*a + 325*a - 9805. What is the thousands digit of a?
4
Let g(o) = 835*o + 709. What is the thousands digit of g(3)?
3
Let k(a) = -a**3 - 7*a**2 + 188*a + 25874. What is the tens digit of k(0)?
7
Let p(r) = r**3 + 3*r**2 - 1. Let g be p(-2). Suppose 5*l + c - 2 = g*c, -5*l - 4*c - 4 = 0. Suppose 4*k = -l*k + 176. What is the tens digit of k?
4
Let q = 222 + 89. Suppose -q = -5*x - 101. Let b = 36 + x. What is the units digit of b?
8
Suppose 5*l - 528 = -l. Let t be (l/26)/(-4) - 4/26. Let w(r) = -64*r. What is the tens digit of w(t)?
6
Suppose 28*q - 246642 = 368770. What is the hundreds digit of q?
9
What is the tens digit of 4222 - (-9 + (-165)/(-15))?
2
Suppose 3 = -i + 6. Suppose -4929 = -3*f - 3*n, 0*n = 2*f + i*n - 3284. Suppose -f = 2*g - 9*g. What is the tens digit of g?
3
Let t be 2413/76 - (6/16)/((-18)/(-36)). Let r be (-348)/((-2)/8*1). Suppose t*d + r = 37*d. What is the hundreds digit of d?
2
Let a(n) = -115*n - 4. Let r be a(-2). Let x be (-44)/33 + r/3. Let c = x + -4. What is the tens digit of c?
7
Let d(l) = -5*l + 2. Let y be d(-3). Let p be y/4 + 39/52. Suppose 0 = -p*i + s + 164, -20 - 44 = -2*i + 2*s. What is the units digit of i?
3
Let u(h) = 11*h + 45. Let w be u(13). Let t = 273 - w. What is the units digit of t?
5
Let o be (85/3)/((-7)/(-357)) + 5. Suppose x + s - 561 = 0, 4*x - o - 789 = -5*s. What is the units digit of x?
6
Suppose -98 = -45*o + 31*o. Suppose l - 1 - o = 0. What is the units digit of l?
8
Let n(x) be the first derivative of -x**5/120 + 61*x**4/24 + 4*x**3 - 4. Let a(j) be the third derivative of n(j). What is the tens digit of a(0)?
6
Let w = 22 - 26. Let b be 4/((-2)/(-4)*4/w). Let u(m) = 2*m**2 + 13*m - 18. What is the units digit of u(b)?
6
Suppose x + 3*g = 5225, -95*g = -3*x - 100*g + 15675. What is the tens digit of x?
2
Suppose 5*o = 4*w + 85, -2*w + 48 + 7 = 5*o. Suppose 5*h - o*h + 3096 = 0. What is the tens digit of h?
8
Suppose -2*x = -7*x + 2*b + 40201, 0 = -x - 5*b + 8051. What is the thousands digit of x?
8
Suppose 73*s + 468544 = 1491055. What is the ten thousands digit of s?
1
Let z(y) = 20*y**2 - 237*y + 130. What is the hundreds digit of z(28)?
1
Suppose -4*c = -6*l + 9*l, -2*c = -2*l. Suppose -4*t - t + 2*o = -4985, c = 5*t + 3*o - 5010. What is the hundreds digit of t?
9
Let r(t) = 154*t - 306. Let j be r(33). Suppose 4*x = -m + 4522 - 702, m = -5*x + j. What is the units digit of x?
6
Let h = -1775 + 2630. Let z = h - 525. What is the hundreds digit of z?
3
Let h(o) = -5*o**2 + 11*o - 171. Let u(q) = -4*q**2 + 10*q - 175. Let p(l) = 2*h(l) - 3*u(l). What is the units digit of p(-18)?
5
Let y = 122 + -119. Suppose 4*l = -19 + 3, 2*n - y*l - 1728 = 0. What is the tens digit of n?
5
Let d(u) = 35*u**3 - 37*u**2 + 7*u + 1. What is the tens digit of d(8)?
0
Let l be -3*(-2)/(-15)*-110. Suppose -3*z - l = -3*f - 2*f, 2*z + 5*f = 4. Let u(w) = w**3 + 8*w**2 + w + 15. What is the units digit of u(z)?
7
Let u(d) be the first derivative of d**4/6 - 13*d**3/6 + 2*d**2 + 19*d - 13. Let r(a) be the first derivative of u(a). What is the units digit of r(10)?
4
Let q(k) = 3*k**2 + 12*k - 28. Suppose 0 = -s + 9*z - 4*z - 9, 0 = 4*s - 2*z - 18. What is the tens digit of q(s)?
5
Let q(y) = y**3 + 32*y**2 + 45*y + 113. What is the hundreds digit of q(-30)?
5
Let v = -36 + 42. Let b(z) = -5*z + 11. Let r be b(v). Let l = r - -62. What is the tens digit of l?
4
What is the ten thousands digit of 13 + -50 + 26 + 12802?
1
What is the tens digit of (-1030)/(-309)*1/((-2)/(-1434))?
9
Suppose -2*a = -q - 25566, 25*q + 38343 = 3*a + 22*q. What is the thousands digit of a?
2
Let i be (1 - 1 - 2)/((-8)/1500). Suppose -4*r + 35 = i. Let f = 146 + r. What is the tens digit of f?
6
Let u = -61 - -67. What is the units digit of (144/96)/(u/2224)?
6
Suppose -2*o + 5 = 5*v + 4, 4*v + 16 = 4*o. Suppose 2*t = o*t - 253. What is the tens digit of t?
5
Let r = -3590 - -11051. What is the hundreds digit of r?
4
What is the hundreds digit of 5/(((-2)/5)/(35182/(-245)))?
7
Let s be (-65)/195 - 3/((-9)/(-716)). Let y = s - -1005. What is the tens digit of y?
6
Let n = 102562 + -34614. What is the hundreds digit of n?
9
Suppose -20*j + 18*j = 4*r + 4, r + 4*j = 6. What is the units digit of 1759004/1300 + r/25?
3
What is the thousands digit of (-11)/44*-20565 - (-5)/(-4)?
5
Let c(m) = 37*m - 71. Let w be c(2). Suppose 4 = -b, 2*i - w*b + 7*b - 1482 = 0. What is the units digit of i?
9
Let y(o) = -o**3 - 7*o + 3. Let a be y(-6). Let t = 492 - a. Suppose 324 = 5*w - t. What is the tens digit of w?
1
Let z be 121/(-3) - (-12)/(-18). Let w = z + 44. Suppose 0 = -w*q - 2*n + 250, 3*q = -5*n + 2*n + 249. What is the units digit of q?
4
Suppose 0 = 5*b + 3*r + 83, -3*b = -2*r - 0*r + 46. Let l(q) = -q**2 - 15*q + 14. Let c be l(b). What is the tens digit of 1 - c*(3 + 2)?
1
Let h(g) = 341*g**2 + 65*g - 442. What is the tens digit of h(5)?
0
Let a = 73 + -73. Suppose a*k - 780 = -4*k. Let t = -46 + k. What is the hundreds digit of t?
1
Let v = 1994 - 1548. What is the units digit of v?
6
Let p = -25 + 10. What is the tens digit of (-403)/(-5) + ((-66)/p - 4)?
8
Let v(c) be the first derivative of -19*c**2 - 60*c + 20. What is the tens digit of v(-6)?
6
Let h(o) = 0*o + 20 + 26*o**2 - 5*o - 14. What is the units digit of h(2)?
0
Let b = 20311 + -6627. What is the units digit of b?
4
What is the thousands digit of (-4)/28 + (-2148564)/(-574)?
3
Suppose 2*t - 4 = 4. Let d be 0 + t/(-2) + 79. Suppose -